uate 5 - (3 + 1 - -1).
0
What is the value of -3 - (-5 + -8 + 6)?
4
What is the value of 0 + 1 + 0 + -1?
0
(12 - 2) + (0 + 1 - 6)
5
Evaluate -6 + (-3 - -6 - -3).
0
Calculate (-1 - 1) + -40 + 40.
-2
Evaluate 1 + -3 + 5 + 2 + -2.
3
-1 - 2 - ((-8 - -1) + 8)
-4
What is 9 + -1 - (13 - 2)?
-3
Calculate 2 + (0 - (-1 - 0) - 3).
0
What is the value of (-67 - -67) + -1 + 0 + -5?
-6
Evaluate -3 + 3 + 1 + -2 + 0.
-1
Evaluate -8 - (-1 - (2 - -1)).
-4
What is -1 - (4 - (4 + -3))?
-4
-1 - (6 - 9) - 5 - 1
-4
What is the value of 15 + -15 + -1 + -1?
-2
Calculate 6 + (-10 - (6 - 6) - -5).
1
Calculate (0 + 1 - 2) + -3 + 9.
5
Evaluate -1 + -2 + (-13 - -9 - -3).
-4
Evaluate (0 + 2 - -10) + -7.
5
Evaluate 1 + 3 - (-13 - -6 - -9).
2
-10 + (16 - 3) - (1 - 0)
2
Calculate (0 - 0 - 1) + 3.
2
Evaluate (-2 - (0 - (17 - 1))) + -8.
6
Evaluate 3 - (0 + 11 + -10).
2
What is the value of -1 - (-6 - (-2 + 1 - 0))?
4
What is (-13 - (9 + -17)) + 4?
-1
What is (-4 - (1 - 6)) + -5 + 1?
-3
What is (0 - (0 - 0)) + (-370 - -363)?
-7
Calculate 3 + (-7 - -4 - 3) + 4.
1
What is the value of 10 - (19 + -11 + 7)?
-5
What is 0 - ((-4 - -1) + (2 - 0))?
1
What is -2 + 7 + (0 + -3 - 0)?
2
What is the value of 120 + -110 + (-1 - (1 - -3))?
5
Evaluate -2 + 23 - 11 - 13.
-3
Evaluate 6 + -2 + -6 + -4 + 2.
-4
Evaluate 2 - 4 - (8 + -5).
-5
Calculate 2 - 0 - 5 - (-3 - -1).
-1
What is ((10 - 0) + -2 - -1) + -9?
0
What is the value of -2 + 0 - (-6 - (-12 - -9))?
1
3 - (-1 - 1) - 0
5
What is 9 - 10 - (-2 + -5)?
6
What is the value of -20 + 17 + (0 - 1) + 1?
-3
What is 6 + -3 + 3 + -5 + 2?
3
What is the value of (4 + -1 - 3) + -2?
-2
Evaluate 8 + -16 + (-11 - -12).
-7
What is 14 + (-5 - (12 + -7))?
4
Calculate (-1 - 5 - (0 + 3)) + 4.
-5
What is the value of -1 + -5 - (3 + -20 - -5)?
6
Evaluate -2 + 5 + -11 + 8.
0
Evaluate 4 + -3 - (5 - 1).
-3
7 - ((5 - 2) + 1)
3
(-3 - 0) + (4 - -1)
2
What is -2 - ((-2 - 1 - -4) + -2)?
-1
Calculate (-10 - -3 - -1) + 3 + -6.
-9
What is 4 + -4 - 5 - -3?
-2
What is (-3 - 1 - -7) + -2?
1
-5 + 14 + (-13 - -11)
7
3 + -1 + -2 - (-2 - 1)
3
What is the value of ((-7 - -2) + 13 - 3) + -11?
-6
Calculate 6 + (-20 - -6) + 5.
-3
Calculate 4 + (-7 - -2 - -5).
4
Calculate (-5 - -1 - -7) + -5.
-2
Calculate -11 + 0 - (104 + -119).
4
What is the value of (-4 - -2) + 8 + -1?
5
Calculate -5 + 3 + (6 - 3).
1
12 - (6 + (10 - 9))
5
What is the value of (4 - 1) + -9 + (18 - 8)?
4
Calculate -12 - -9 - (-2 - -2).
-3
-16 - -20 - (-1 + 1)
4
Calculate -1 + 1 - (-100 - -95).
5
-1 + (3 - -1 - 3)
0
What is 4 + 1 + 0 + -3 - 1?
1
What is 1 + -2 + 26 + -30?
-5
What is -6 + -2 - -3 - -9?
4
What is (-6 - -6) + 7 + -7?
0
Evaluate -1 + (4 - 4) + -4.
-5
0 + (0 - (11 - 10))
-1
What is the value of 1 - ((3 - 6) + 3 + 0)?
1
Calculate -2 - -5 - (6 + 0 - -2).
-5
Calculate 1 - (-1 + 5) - (1 - 7).
3
(1 - 9) + -1 + 10 + -7
-6
What is the value of -1 + -2 - (60 + -65)?
2
Calculate 5 + (7 + -11 - 2).
-1
(-1 + (2 - -5) - 0) + -2
4
Calculate (-7 - (0 - 6)) + 8 - 10.
-3
Calculate (2 - -7) + (-4 - 1).
4
Calculate 0 - (-4 + 7 - 3).
0
Evaluate 4 + (-4 - (4 - 1)).
-3
What is -8 - (5 + -9) - -9?
5
Calculate (1 - -2 - (7 - 4)) + 5.
5
What is the value of -9 + 2 + 7 + 5 - -4?
9
-16 - -18 - (-3 - -1) - 4
0
What is the value of -3 + 0 + (-1 - 1) + 4?
-1
(-3 - -5 - -5) + (43 - 53)
-3
Evaluate -3 + 1 + -17 + 19.
0
What is (5 - -7 - 3 - 7) + 0?
2
Calculate 5 - (-9 + 9) - -3.
8
What is the value of 4 - ((11 - 10) + 5)?
-2
What is the value of 2 + (-1 - 4) - -3?
0
-10 - (1 - 11 - -3)
-3
-354 + 366 - (7 + -1)
6
Evaluate -13 + 11 + -3 + -1 + 1.
-5
Evaluate (-3 - (-4 - -7)) + 29 + -28.
-5
What is (-5 + 1 - 0 - -5) + -6?
-5
Calculate -7 - (-4 + (-3 - -4)).
-4
What is -13 + -1 + (7 - -20 - 23)?
-10
Evaluate 1 + -2 - (8 - 11).
2
-7 - -1 - (-1 + -1 + 0)
-4
Calculate 5 + 4 + -9 - 3.
-3
What is the value of (-3 - 1) + 10 + -2?
4
Calculate (0 - -2) + (-1 + -4 - 0).
-3
What is -5 + 6 + -7 + 1?
-5
Calculate 3 - (3 + 1 + -1).
0
-2 + 0 + -3 + 3 + 7
5
Calculate (1 - 6) + 9 + 5 + -7.
2
Calculate -1 + -4 + 4 + -12 + 6.
-7
Evaluate -3 + -4 + -3 + 8.
-2
Calculate -4 - (-3 - (-6 + 9)).
2
What is (1 - (-4 + 3)) + -3?
-1
What is the value of -6 + (-7 + 9 - -11)?
7
Evaluate 1 - (5 - 5) - 8.
-7
What is (5 - 8) + -4 + 2?
-5
Calculate 6 + -4 + 1 - -2.
5
Evaluate 3 + 3 + 3 - 5.
4
What is (2 - 9) + -5 + 7?
-5
What is the value of -5 - (11 + -27) - 18?
-7
What is the value of -7 - -2 - (-5 - -4)?
-4
Evaluate (-9 - -19 - 5) + -3.
2
Calculate 4 - (-4 - -10) - 6.
-8
What is 6 + -4 + -9 + 7?
0
Evaluate 7 + -3 + -11 - -10.
3
What is (-1 - (-4 + 3)) + 4?
4
-20 - -28 - (3 + -2 + 1)
6
-7 + 4 - ((-1 - 2) + 0)
0
Calculate (3 - (-4 - -12) - -2) + 5.
2
What is the value of 0 + 3 + -5 - (3 + 0)?
-5
Evaluate 1 + -4 + 13 + -5.
5
Evaluate -10 - (-2 + -4 + -1).
-3
Calculate -6 - (2 + -5 + 1 + -3).
-1
11 - 5 - 1 - 2
3
Calculate -1 + 3 + (0 - -1) + 1.
4
-9 + (-4 - -6) + 2
-5
Evaluate (-8 - (-8 + 2)) + (1 - 0).
-1
What is the value of -4 + 6 + -2 - (-1 + 11)?
-10
Calculate 0 - -1 - -1 - (-204 - -199).
7
(4 + 7 + -5 - 7) + 2
1
Calculate -9 + 6 - 6 - -12.
3
What is -2 + -1 - (-13 - (-19 - -10))?
1
9 - 10 - -3 - (-2 - -6)
-2
What is the value of 8 + 4 + -3 - 8?
1
(52 - 58) + (-1 - -4) + 0
-3
What is the value of -8 + (12 - 1 - 7)?
-4
What is (3 - 13) + (-3 - -3) + 8?
-2
What is the value of 2 + (1 - 4 - (-5 - 0))?
4
Evaluate -2 + 2 - (1 + -7).
6
What is the value of (-43 - -50) + (-2 - 4)?
1
What is 34 - 36 - (1 - 4)?
1
What is the value of (-13 - -4) + -4 + 13?
0
What is 4 - 5 - (-9 - -5)?
3
What is (9 - 2) + -7 + (2 - 2)?
0
What is the value of 17 + -17 + (-2 - 2) + 0?
-4
Calculate 8 + 0 + -1 + -4.
3
Evaluate 1 + -12 + -13 + 17.
-7
Calculate 3 + 7 + (3 - 3) + -5.
5
Calculate -15 - -5 - (-12 - 1).
3
What is the value of -7 + 15 - ((3 - -1) + -2)?
6
Evaluate 0 - (4 + -4) - -2.
2
-11 + (9 - 14) + 10
-6
What is the value of 0 + 2 + -27 + 21?
-4
Calculate (12 - 4) + 1 + -5.
4
What is 2 + 4 + -2 + -6?
-2
What is -4 + 4 + 0 - -1?
1
54 - 46 - (-1 + 5)
4
What is the value of 8 + -9 + 3 + 3?
5
What is 2 - (3 + 0 - 0)?
-1
What is the value of -1 + (-3 - (-3 + (5 - 2)))?
-4
Evaluate -2 + (1 + -1 - -3 - 4).
-3
What is the value of (18 - 33 - -18) + (0 - 3)?
0
Calculate -1 + 4 - (-31 + 38).
-4
What is 0 + 5 - (9 + -17 + 8)?
5
Calculate -10 + (1 - -5) + -1.
-5
2 - (-1 + (4 - -1))
-2
What is -3 + 0 + (3 + 1 - 4)?
-3
What is 2 - (-8 + 8 - -4)?
-2
Calculate 3 + (-11 - -4) + 0 - 0.
-4
What is the value of (-4 - (-2 - 8)) + -4?
2
Calculate 3 - (1 - 5 - 0).
7
Calculate (-5 + -1 - -5) + 4 - 3.
0
Evaluate -1 - (1 - 1 - (6 + -7)).
-2
What is (6 - -1) + (-9 + 1 - -6)?
5
What is the value of -3 - 2 - (5 - 15)?
5
Evaluate -3 + 1 + 3 - (-6 - -1).
6
What is -5 + 1 + 2 + 0?
-2
What is the value of (5 - (2 + 6)) + (3 - -1)?
1
Calculate -2 + (-3 - 0) + 2.
-3
Evaluate (0 - -3) + (-2 - (4 + -8)).
5
-7 + 16 - 0 - 12
-3
What is (0 - -1) + 60 + -62?
-1
What is 7 + -7 + 1 + -3?
-2
Calculate 11 + -12 + -2 + -2.
-5
What is the value of (-5 - (10 - 17)) + 6?
8
What is the value of (-6 - -6) + 1 - (3 - 2)?
0
(1 - 6) + 12 - 10
-3
What is the value of -1 + 8 + (-5 + 4 - 2)?
4
(5 - (2 - 1)) + -8
-4
11 + (-3 - (7 + 5))
-4
Calculate -2 - -3 - (105 - 102).
-2
Evaluate 3 + (3 - 5) + 6 + -4.
3
Calculate (3 - 0) + (-1 - 3) + -2.
-3
What is the value of 14 + (7 - 13) + -3?
5
-3 + 0 + 3 + (-13 - -9)
-4
What is the value of 1 + (3 - 3) + 0 + 3?
4
Calculate (-3 - 5 - -4) + 6.
2
Evaluate 4 + -3 + 3 + -2.
2
Evaluate (-2 - 6) + 5 + 1 + -2.
-4
(-6 - (-6 + 0)) + (3 - 4)
-1
Evaluate -1 - -5 - (-4 - (-1 - 2)).
5
What is 1 + (5 - 5) + 4?
5
Evaluate (2 - (8 + -6)) + 7.
7
Calculate (-2 - 4) + 1 + 0 - -2.
-3
Calculate -1 + -5 + (0 - -2).
-4
What is the value of 25 + -23 - (-1 + 3)?
0
1 + (-1 + 4 - 7)
-3
What is -4 + 0 - (-4 + 3)?
-3
What is the value of (-2 - (-6 - -6)) + 8?
6
What is the value of (1 - 1 - -2) + -4 - -4?
2
Evaluate 10 - (0 + 10 + -4).
4
Calculate 5 + -1 + -2 + 0 + -6.
-4
(4 - 4) + -3 + 5 - 7
-5
Calculate -1 + (5 - -2) + -8.
-2
What is the value of 0 - (4 - 5) - 4?
-3
4 - 3 - (4 + -4 + 5)
-4
Evaluate 3 - (-1 + 0) - 5.
-1
Calculate 3 + -1 + 1 + 2.
5
-5 + (6 + 1 - 7) - -8
3
-8 - ((2 - 13) + 4)
-1
(1 + -4 - -1) + 7 + -8
-3
Calculate -3 + 6 + 3 + -8 - 4.
-6
8 - (10 + -3 - -8)
-7
What is (3 - (8 - 3) - 5) + 1?
-6
(-3 - -3) + (16 - 22)
-